= -968 - -15835. What is the tens digit of r?
6
Let j be (-66)/(-110) + 24/10. What is the hundreds digit of ((-11)/(-3) - j)/((-4)/(-4362))?
7
Let t be 2886/(-4)*((-24)/(-9) - 4). Let o = -562 + t. What is the units digit of o?
0
Let x be (-62)/(-3 + (-1 - 466/(-117))). Suppose 1826 = 7*n - x. What is the tens digit of n?
7
Suppose 21*c = -10*c + 19592. What is the units digit of c?
2
Suppose -12*l - 5349 + 15669 = 0. Suppose -l - 1570 = -2*c. What is the tens digit of c?
1
Let r(f) = -6*f + 10. Let l be r(4). Suppose -4*w - 129 = -2*z + 209, z = 1. What is the tens digit of (-4752)/w + 8/l?
5
Let a(p) = 18*p**2 + 184*p + 1407. What is the units digit of a(60)?
7
Let c(f) = -f**3 - 19*f**2 - 48*f + 4. Let o be c(-16). Suppose -o*y + 6479 = 15*y. What is the units digit of y?
1
Let t be (-3 + 0)*(1 + -2). Suppose -9*b - t = -10*b. Suppose 3*f + b*h - 90 = 0, -3*f + 0*h - 2*h = -85. What is the tens digit of f?
2
Let u be (36/(-21))/((-31)/(-868)). Let t be -40*(2 + (-208)/10). What is the tens digit of (-108)/u*(-1)/((-6)/t)?
8
Let z be 10/4*10/(-75)*-354. Let v = -13 + z. What is the tens digit of v?
0
Let m(q) = -q**2 - 24*q - 135. Let r be m(-14). Let x be 9/(6/(-2)) - 3788. What is the hundreds digit of r/(-2) + x/(-34)?
1
Let q be (-15)/(-1) + 6/3. Let g(j) = -7*j + 18*j + 11*j - 1534*j**2 + 18 + 1533*j**2. What is the hundreds digit of g(q)?
1
Let l(j) = 1738*j**2 - j + 3. Let n be l(-2). Suppose 0 = -987*f + 996*f - n. What is the units digit of f?
3
Suppose -2*q + 4*q = 5*g + 6, -q + 8 = -5*g. Let t be (0 - (-6)/(-12))/(q/8). What is the tens digit of t*(174 + 2)/4?
8
Let d(v) = 61*v**2 - 78*v - 33. What is the units digit of d(-6)?
1
Suppose -m = -5*a + 66, 0*a = -5*m - 2*a - 222. Let g = 276 - m. What is the hundreds digit of g?
3
Let f be (127/(-2))/(-2 - (-10)/4). Suppose 17*y = 20*y - 897. Let o = y + f. What is the hundreds digit of o?
1
Suppose 2*p - 8580 = -2*q + 1742, q = 2*p + 5164. What is the hundreds digit of q?
1
Let n(p) = -15*p + 9*p + 7*p + 23. What is the tens digit of n(17)?
4
Suppose -3*f - 25*f = -112. Suppose -4*c + 7*c + 6 = 0, y - 605 = f*c. What is the hundreds digit of y?
5
Let n = -6892 + 20042. What is the units digit of n?
0
Let j be 3 + (-5 + 4 - -1). Let c(h) = j*h + 3 + 18*h**2 - 2 - 29*h**3 - 15*h**2. What is the units digit of c(-2)?
9
Let k = -144 + 102. Let y = -39 - k. Let i(w) = w - 1. What is the units digit of i(y)?
2
Let j be ((-3)/2)/((-2)/12). Let a(h) be the third derivative of 7*h**4/12 - 4*h**3 + 175*h**2. What is the hundreds digit of a(j)?
1
Suppose -3*g - 4*f + 11 = -17, -3*g + 3*f = 0. Let o(t) = -t**2 + 1. Let x(c) = -4*c**2 - 14*c + 23. Let h(s) = 5*o(s) - x(s). What is the units digit of h(g)?
2
Let p be 1/(-9) + (-1364)/36. Let h be p/(-4) + 5/90*9. Suppose h + 70 = b. What is the units digit of b?
0
Let o(c) = -13*c**3 + 8*c**2 - 45*c - 46. What is the hundreds digit of o(-6)?
3
Let w be (-12)/33 + 16150/187. Suppose 0 = 68*n - w*n + 6804. What is the tens digit of n?
7
Let d = -1895 + 3012. Let u = d - 1589. Let g = 725 + u. What is the units digit of g?
3
Suppose 30*b - 56 = 23*b. Suppose -b*j + 9*j = 1191. What is the tens digit of j?
9
Suppose 5*o - 2178 = 717. Suppose 4*q = -20, q + 2994 = 5*p + o. What is the tens digit of p?
8
Let m(z) be the first derivative of -z**2 + 3*z - 12. Let h be m(-1). What is the units digit of ((h - 2) + -2)*(81 + -1)?
0
What is the thousands digit of ((-236348)/42)/((-2)/3)?
8
Let q(h) = -123*h + 2 - 24 + 4. What is the tens digit of q(-4)?
7
Suppose -5*o + 51711 = 2*h, 0 = -4*o - 6*h + 9*h + 41401. What is the hundreds digit of o?
3
Suppose 1544 = 2*s + 10772. What is the hundreds digit of 5*5*s/(-150)?
7
Let n(q) = -247*q - 16. Let o = 337 - 341. What is the hundreds digit of n(o)?
9
Let h(p) = 42*p - 1267. What is the units digit of h(34)?
1
Let o = 589 + -652. What is the tens digit of ((-649407)/o)/11 - 4/42?
3
Suppose -w - 2*c = -6*w + 46073, -3*w - 4*c = -27623. What is the thousands digit of w?
9
Let v be 2/(-4)*(-812)/(-14). Let b = v - -201. Let x = b + -43. What is the tens digit of x?
2
What is the ten thousands digit of (-24)/64 + 0 - 5/(-80)*298198?
1
Let m = 2605 - 1845. Let j = m - -294. What is the thousands digit of j?
1
Let c = -462 - -7150. What is the units digit of c?
8
Let n(u) = u**3 - 8*u**2 + 17*u - 22. Let c be n(6). What is the hundreds digit of (4*-13)/(c/(-16))?
1
Suppose 2681 + 23884 = 35*w. Let d = w - 659. What is the tens digit of d?
0
Suppose v + 3*j = 2*v - 17, 2*j + 16 = 3*v. Suppose -4*k + v*l = -1148, -3*k + 2*k = 4*l - 269. What is the hundreds digit of k?
2
Let k = 137 - 122. What is the units digit of 10/k*52 + (-6)/9?
4
Let r(q) = -q**2 + 2*q + 10. Let f be r(3). What is the units digit of 87/8 - f/(-56)?
1
Let a(q) = 2*q + 46. Let x be a(-22). Let s(b) = -17 + 2*b - 7*b**2 - 3*b**2 - 13*b + 2*b**3 + 3*b**x. What is the hundreds digit of s(7)?
2
Let p(s) = -27*s**2 + 22*s**2 - 2*s + 2*s**3 + 3 + 0. Let a be p(4). Let q = 58 - a. What is the units digit of q?
5
Let b(q) = 3*q - 11. Let w be b(5). Suppose w*p = -2*x + 68, -p + 4*x - 68 = -5*p. Suppose -p = -10*h + 9*h. What is the units digit of h?
7
Suppose 0 = g - 222*g + 3957668. What is the tens digit of g?
0
Suppose -q + 86 + 0 = 0. Suppose -11*o + q = -475. Suppose -10*k + 2629 = -o. What is the units digit of k?
8
Let m(c) = 20*c + 1363. What is the hundreds digit of m(-57)?
2
Let u = 134 - 127. Suppose -r = -562 + u. What is the hundreds digit of r?
5
Let q = -17 - -44. Let r(t) = 6*t**2 + 31*t - 13. Let v be r(-8). Suppose v = 3*y + q. What is the tens digit of y?
3
Let f be 7*(-14)/(-637) + 32548/26. Suppose -3400 = -1256*a + f*a. What is the units digit of a?
0
Let d = -44976 + 106683. What is the hundreds digit of d?
7
Let i be 32/16*(-844)/(-8). Let k = -17 - -58. Suppose -2*g - k + i = 0. What is the units digit of g?
5
Let r(n) = 7*n**2 + 21*n - 267. Let q(j) = 4*j**2 + 10*j - 133. Let d(h) = -5*q(h) + 3*r(h). What is the units digit of d(18)?
2
Let d(c) = 4*c - 1. Let f be d(7). Suppose f*p = -1996 + 6586. What is the units digit of p?
0
Let t(h) be the third derivative of -h**5/60 - 19*h**4/12 + 22*h**3/3 - h**2 + 82*h. What is the hundreds digit of t(-35)?
1
What is the ten thousands digit of -7 + 19505 + 32/(-4) + 1*-5?
1
Let o = -102 - -102. Suppose o = -k - 2*k + 372. What is the hundreds digit of k?
1
Suppose 0 = -41*k + 45*k + 220. What is the units digit of 3100/12 - (3 + k/15)?
9
Let x(s) = -2*s**3 - 2*s**2 - 5. Let a be x(-3). Let w = a - -247. What is the tens digit of w?
7
Let b = 445 + -438. Suppose -5*c = -2*u - 2549, -2567 = -5*c - b*u + 3*u. What is the tens digit of c?
1
Let m be (-4)/(-56)*14*(1 + 983). Suppose -2*n - 2*n = -16, -4*j + 4*n = -m. What is the hundreds digit of j?
2
Let n = 298 - 301. Let w(i) = 46*i**2 - 28*i + 1. What is the tens digit of w(n)?
9
Let b = 11998 - -1209. What is the ten thousands digit of b?
1
Suppose -427295 = 20*b + 21*b - 58*b. What is the tens digit of b?
3
What is the ten thousands digit of 1 + (2/7 - 44597/196)*-60?
1
Let r(p) = 2511*p - 1336. What is the hundreds digit of r(3)?
1
Suppose -148802 = -5*n - p + 88015, -p = n - 47369. What is the tens digit of n?
6
Suppose 0 = -114*r + 86*r + x + 673101, 0 = 5*r + 5*x - 120150. What is the tens digit of r?
3
Let m be (-128)/(-7) - (-16)/(-56). Let d(g) = g**2 - 17*g + 35. Let v be d(m). Suppose 4*j - v = 131. What is the units digit of j?
6
Let n = -168 + 1525. What is the thousands digit of (n + -1)/(10/(-2) + 6)?
1
Let c(u) = 1636*u**2 - 21*u + 25. Let q be c(6). Suppose 58*v - q = 51115. What is the tens digit of v?
9
Suppose 4 = 4*w, 3*t - 7*t - 3*w - 141 = 0. Let z = -32 - t. Suppose -23 = -4*b + 5*m + 69, -5*b - z*m + 115 = 0. What is the tens digit of b?
2
Let b(z) = 5*z**2 - 29*z - 2. Let r be b(6). Suppose 2*x - 284 = -2*t, 5*t - r*x - 590 = 165. What is the hundreds digit of t?
1
Let m(l) = -l**3 + 15*l**2 - 15*l + 2. Let s be (198/77)/(((-9)/(-14))/3). Let a be m(s). Let v = a + -160. What is the units digit of v?
4
Suppose 57*a + 5*z = 54*a + 93320, -3*a = -z - 93332. What is the ten thousands digit of a?
3
Let m(f) = -263*f - 1483. What is the hundreds digit of m(-38)?
5
Suppose 0 = -3*g - 2*b - 222, g + 4*b + 73 = 3*b. 